{"id":56,"date":"2026-03-28T22:08:08","date_gmt":"2026-03-28T22:08:08","guid":{"rendered":"https:\/\/radiovivaec.com\/?page_id=56"},"modified":"2026-03-29T21:10:10","modified_gmt":"2026-03-30T02:10:10","slug":"programacion","status":"publish","type":"page","link":"https:\/\/radiovivaec.com\/index.php\/programacion\/","title":{"rendered":"Programaci\u00f3n"},"content":{"rendered":"\t\t<div data-elementor-type=\"wp-page\" data-elementor-id=\"56\" class=\"elementor elementor-56\" data-elementor-post-type=\"page\">\n\t\t\t\t<div class=\"elementor-element elementor-element-b437eae e-flex e-con-boxed e-con e-parent\" data-id=\"b437eae\" data-element_type=\"container\" data-e-type=\"container\">\n\t\t\t\t\t<div class=\"e-con-inner\">\n\t\t\t\t<div class=\"elementor-element elementor-element-18d4e4b elementor-widget elementor-widget-heading\" data-id=\"18d4e4b\" data-element_type=\"widget\" data-e-type=\"widget\" data-widget_type=\"heading.default\">\n\t\t\t\t\t<h2 class=\"elementor-heading-title elementor-size-default\">Programaci\u00f3n<\/h2>\t\t\t\t<\/div>\n\t\t\t\t<div class=\"elementor-element elementor-element-ce5539c elementor-widget elementor-widget-Table\" data-id=\"ce5539c\" data-element_type=\"widget\" data-e-type=\"widget\" data-widget_type=\"Table.default\">\n\t\t\t\t<div class=\"elementor-widget-container\">\n\t\t\t\t\t\t\t<table class=\"tafe-table \">\n\t\t\t<thead  class=\"tafe-table-header\">\n\t\t\t\t<tr>\n\t\t\t\t\t<th class=\"elementor-inline-editing elementor-repeater-item-c448303\"   >Nombre programa\/segmento<\/th><th class=\"elementor-inline-editing elementor-repeater-item-a3aa522\"   >Transmisi\u00f3n<\/th><th class=\"elementor-inline-editing elementor-repeater-item-3d74349\"   >Inicio<\/th><th class=\"elementor-inline-editing elementor-repeater-item-c69d245\"   >Fin<\/th>\t\t\t\t<\/tr>\n\t\t\t<\/thead>\n\t\t\t\t\t\t<tbody class=\"tafe-table-body\">\n\t\t\t\t<tr>\n\t\t\t\t\t<td data-label=\"Nombre programa\/segmento\"   class=\"elementor-repeater-item-a06c808 td-content-type-default\" >MUSICALES  (TODO G\u00c9NERO)<\/td><td data-label=\"Transmisi\u00f3n\"   class=\"elementor-repeater-item-cb731ad td-content-type-default\" >Lunes a S\u00e1bado<\/td><td data-label=\"Inicio\"   class=\"elementor-repeater-item-dc6a5b7 td-content-type-default\" >00:00<\/td><td data-label=\"Fin\"   class=\"elementor-repeater-item-66e5a2c td-content-type-default\" >05:00<\/td><\/tr><tr><td data-label=\"Nombre programa\/segmento\"   class=\"elementor-repeater-item-90df07f td-content-type-default\" >VIVE NATURAL<\/td><td data-label=\"Transmisi\u00f3n\"   class=\"elementor-repeater-item-b7a45f1 td-content-type-default\" >Lunes a S\u00e1bado<\/td><td data-label=\"Inicio\"   class=\"elementor-repeater-item-f07d584 td-content-type-default\" >05:00<\/td><td data-label=\"Fin\"   class=\"elementor-repeater-item-55a71a4 td-content-type-default\" >05:30<\/td><\/tr><tr><td data-label=\"Nombre programa\/segmento\"   class=\"elementor-repeater-item-72c26a1 td-content-type-default\" >NOTICIERO DIARIO IMPACTO<\/td><td data-label=\"Transmisi\u00f3n\"   class=\"elementor-repeater-item-af223b8 td-content-type-default\" >Lunes a S\u00e1bado<\/td><td data-label=\"Inicio\"   class=\"elementor-repeater-item-f385114 td-content-type-default\" >05:30<\/td><td data-label=\"Fin\"   class=\"elementor-repeater-item-6866f5a td-content-type-default\" >09:00<\/td><\/tr><tr><td data-label=\"Nombre programa\/segmento\"   class=\"elementor-repeater-item-453bc4e td-content-type-default\" >PUNTO DEPORTIVO<\/td><td data-label=\"Transmisi\u00f3n\"   class=\"elementor-repeater-item-0fd8aea td-content-type-default\" >Lunes a Viernes<\/td><td data-label=\"Inicio\"   class=\"elementor-repeater-item-c066bbd td-content-type-default\" >09:00<\/td><td data-label=\"Fin\"   class=\"elementor-repeater-item-893b634 td-content-type-default\" >10:00<\/td><\/tr><tr><td data-label=\"Nombre programa\/segmento\"   class=\"elementor-repeater-item-20fe692 td-content-type-default\" >MUSICALES  (TODO G\u00c9NERO)<\/td><td data-label=\"Transmisi\u00f3n\"   class=\"elementor-repeater-item-48572a1 td-content-type-default\" >Lunes a Viernes<\/td><td data-label=\"Inicio\"   class=\"elementor-repeater-item-ee0e239 td-content-type-default\" >10:00<\/td><td data-label=\"Fin\"   class=\"elementor-repeater-item-a050781 td-content-type-default\" >12:30<\/td><\/tr><tr><td data-label=\"Nombre programa\/segmento\"   class=\"elementor-repeater-item-d6bd983 td-content-type-default\" >FRENTE A FRENTE  (BALADAS)<\/td><td data-label=\"Transmisi\u00f3n\"   class=\"elementor-repeater-item-822dff9 td-content-type-default\" >Lunes a Viernes<\/td><td data-label=\"Inicio\"   class=\"elementor-repeater-item-ccfb59c td-content-type-default\" >12:30<\/td><td data-label=\"Fin\"   class=\"elementor-repeater-item-39b9d23 td-content-type-default\" >13:30<\/td><\/tr><tr><td data-label=\"Nombre programa\/segmento\"   class=\"elementor-repeater-item-05e31e9 td-content-type-default\" >VIVA CON EL DEPORTE<\/td><td data-label=\"Transmisi\u00f3n\"   class=\"elementor-repeater-item-ad16059 td-content-type-default\" >Lunes a Viernes<\/td><td data-label=\"Inicio\"   class=\"elementor-repeater-item-6ccee38 td-content-type-default\" >13:30<\/td><td data-label=\"Fin\"   class=\"elementor-repeater-item-8cfe369 td-content-type-default\" >14:30<\/td><\/tr><tr><td data-label=\"Nombre programa\/segmento\"   class=\"elementor-repeater-item-54a11c4 td-content-type-default\" >MUSICALES  (TODO G\u00c9NERO)<\/td><td data-label=\"Transmisi\u00f3n\"   class=\"elementor-repeater-item-1db639c td-content-type-default\" >Lunes a Viernes<\/td><td data-label=\"Inicio\"   class=\"elementor-repeater-item-fd34119 td-content-type-default\" >14:30<\/td><td data-label=\"Fin\"   class=\"elementor-repeater-item-dc85ea0 td-content-type-default\" >16:30<\/td><\/tr><tr><td data-label=\"Nombre programa\/segmento\"   class=\"elementor-repeater-item-8fd8d72 td-content-type-default\" >EL SHOW DE GERARDO MOSQUERA<\/td><td data-label=\"Transmisi\u00f3n\"   class=\"elementor-repeater-item-7b9eb43 td-content-type-default\" >Lunes a Viernes<\/td><td data-label=\"Inicio\"   class=\"elementor-repeater-item-5d91d52 td-content-type-default\" >16:30<\/td><td data-label=\"Fin\"   class=\"elementor-repeater-item-adf5f86 td-content-type-default\" >18:00<\/td><\/tr><tr><td data-label=\"Nombre programa\/segmento\"   class=\"elementor-repeater-item-c258691 td-content-type-default\" >ALEGRE ATARDECER<\/td><td data-label=\"Transmisi\u00f3n\"   class=\"elementor-repeater-item-fc8ec45 td-content-type-default\" >Lunes a Viernes<\/td><td data-label=\"Inicio\"   class=\"elementor-repeater-item-4a166be td-content-type-default\" >18:00<\/td><td data-label=\"Fin\"   class=\"elementor-repeater-item-f7de74a td-content-type-default\" >18:45<\/td><\/tr><tr><td data-label=\"Nombre programa\/segmento\"   class=\"elementor-repeater-item-c911122 td-content-type-default\" >HOMENAJE A MI LINDO ECUADOR<\/td><td data-label=\"Transmisi\u00f3n\"   class=\"elementor-repeater-item-11ca6e7 td-content-type-default\" >Lunes a Viernes<\/td><td data-label=\"Inicio\"   class=\"elementor-repeater-item-3ed2e9d td-content-type-default\" >18:45<\/td><td data-label=\"Fin\"   class=\"elementor-repeater-item-25e83a1 td-content-type-default\" >19:00<\/td><\/tr><tr><td data-label=\"Nombre programa\/segmento\"   class=\"elementor-repeater-item-b50947d td-content-type-default\" >NOTICIERO DIARIO IMPACTO<\/td><td data-label=\"Transmisi\u00f3n\"   class=\"elementor-repeater-item-5fce919 td-content-type-default\" >Lunes a S\u00e1bado<\/td><td data-label=\"Inicio\"   class=\"elementor-repeater-item-229bb91 td-content-type-default\" >19:00<\/td><td data-label=\"Fin\"   class=\"elementor-repeater-item-ecfc522 td-content-type-default\" >20:30<\/td><\/tr><tr><td data-label=\"Nombre programa\/segmento\"   class=\"elementor-repeater-item-c9719df td-content-type-default\" >MUSICALES  (BALADAS)<\/td><td data-label=\"Transmisi\u00f3n\"   class=\"elementor-repeater-item-923b339 td-content-type-default\" >Lunes a Jueves<\/td><td data-label=\"Inicio\"   class=\"elementor-repeater-item-da4e542 td-content-type-default\" >20:30<\/td><td data-label=\"Fin\"   class=\"elementor-repeater-item-a037cef td-content-type-default\" >23:59<\/td><\/tr><tr><td data-label=\"Nombre programa\/segmento\"   class=\"elementor-repeater-item-f9e1e8f td-content-type-default\" >AS\u00cd CANTAN LOS JARAMILLO<\/td><td data-label=\"Transmisi\u00f3n\"   class=\"elementor-repeater-item-2b8460a td-content-type-default\" >Viernes<\/td><td data-label=\"Inicio\"   class=\"elementor-repeater-item-627b476 td-content-type-default\" >20:30<\/td><td data-label=\"Fin\"   class=\"elementor-repeater-item-3f5e15c td-content-type-default\" >00:00<\/td><\/tr><tr><td data-label=\"Nombre programa\/segmento\"   class=\"elementor-repeater-item-05810fa td-content-type-default\" >MUSICALES  (TODO G\u00c9NERO)<\/td><td data-label=\"Transmisi\u00f3n\"   class=\"elementor-repeater-item-8a13609 td-content-type-default\" >S\u00e1bado<\/td><td data-label=\"Inicio\"   class=\"elementor-repeater-item-602433a td-content-type-default\" >09:00<\/td><td data-label=\"Fin\"   class=\"elementor-repeater-item-e5880c8 td-content-type-default\" >19:00<\/td><\/tr><tr><td data-label=\"Nombre programa\/segmento\"   class=\"elementor-repeater-item-b1b3991 td-content-type-default\" >ROCKOLA VIVA<\/td><td data-label=\"Transmisi\u00f3n\"   class=\"elementor-repeater-item-ef04ee6 td-content-type-default\" >S\u00e1bado<\/td><td data-label=\"Inicio\"   class=\"elementor-repeater-item-4c6f8b9 td-content-type-default\" >20:30<\/td><td data-label=\"Fin\"   class=\"elementor-repeater-item-eb2af31 td-content-type-default\" >23:00<\/td><\/tr><tr><td data-label=\"Nombre programa\/segmento\"   class=\"elementor-repeater-item-c75c936 td-content-type-default\" >MUSICALES  (BAILABLES)<\/td><td data-label=\"Transmisi\u00f3n\"   class=\"elementor-repeater-item-1e9f4d9 td-content-type-default\" >S\u00e1bado<\/td><td data-label=\"Inicio\"   class=\"elementor-repeater-item-bc18af3 td-content-type-default\" >23:00<\/td><td data-label=\"Fin\"   class=\"elementor-repeater-item-b974cad td-content-type-default\" >00:00<\/td><\/tr><tr><td data-label=\"Nombre programa\/segmento\"   class=\"elementor-repeater-item-84748b0 td-content-type-default\" >MUSICALES  (BAILABLES)<\/td><td data-label=\"Transmisi\u00f3n\"   class=\"elementor-repeater-item-8a40e67 td-content-type-default\" >Domingo<\/td><td data-label=\"Inicio\"   class=\"elementor-repeater-item-0352b1e td-content-type-default\" >00:00<\/td><td data-label=\"Fin\"   class=\"elementor-repeater-item-e01bb12 td-content-type-default\" >06:00<\/td><\/tr><tr><td data-label=\"Nombre programa\/segmento\"   class=\"elementor-repeater-item-2e61025 td-content-type-default\" >LUZ APOST\u00d3LICA<\/td><td data-label=\"Transmisi\u00f3n\"   class=\"elementor-repeater-item-2b53e8c td-content-type-default\" >Domingo<\/td><td data-label=\"Inicio\"   class=\"elementor-repeater-item-ddb4b8c td-content-type-default\" >06:00<\/td><td data-label=\"Fin\"   class=\"elementor-repeater-item-14f160b td-content-type-default\" >07:00<\/td><\/tr><tr><td data-label=\"Nombre programa\/segmento\"   class=\"elementor-repeater-item-e27cf74 td-content-type-default\" >FIESTA MEXICANA<\/td><td data-label=\"Transmisi\u00f3n\"   class=\"elementor-repeater-item-a08dafc td-content-type-default\" >Domingo<\/td><td data-label=\"Inicio\"   class=\"elementor-repeater-item-3864f90 td-content-type-default\" >07:00<\/td><td data-label=\"Fin\"   class=\"elementor-repeater-item-ed337e9 td-content-type-default\" >08:30<\/td><\/tr><tr><td data-label=\"Nombre programa\/segmento\"   class=\"elementor-repeater-item-2883f72 td-content-type-default\" >NOTICIERO DOMINICAL<\/td><td data-label=\"Transmisi\u00f3n\"   class=\"elementor-repeater-item-32c3182 td-content-type-default\" >Domingo<\/td><td data-label=\"Inicio\"   class=\"elementor-repeater-item-b57fcfd td-content-type-default\" >08:30<\/td><td data-label=\"Fin\"   class=\"elementor-repeater-item-c87faa8 td-content-type-default\" >09:00<\/td><\/tr><tr><td data-label=\"Nombre programa\/segmento\"   class=\"elementor-repeater-item-34ef47c td-content-type-default\" >HOMENAJE A LA MUJER ECUATORIANA<\/td><td data-label=\"Transmisi\u00f3n\"   class=\"elementor-repeater-item-dd3214d td-content-type-default\" >Domingo<\/td><td data-label=\"Inicio\"   class=\"elementor-repeater-item-c7ece04 td-content-type-default\" >09:00<\/td><td data-label=\"Fin\"   class=\"elementor-repeater-item-0d62c45 td-content-type-default\" >12:00<\/td><\/tr><tr><td data-label=\"Nombre programa\/segmento\"   class=\"elementor-repeater-item-4cf5963 td-content-type-default\" >MUSICALES  (TODO G\u00c9NERO)<\/td><td data-label=\"Transmisi\u00f3n\"   class=\"elementor-repeater-item-889e6cb td-content-type-default\" >Domingo<\/td><td data-label=\"Inicio\"   class=\"elementor-repeater-item-a1106fd td-content-type-default\" >12:00<\/td><td data-label=\"Fin\"   class=\"elementor-repeater-item-9cfbb57 td-content-type-default\" >20:00<\/td><\/tr><tr><td data-label=\"Nombre programa\/segmento\"   class=\"elementor-repeater-item-74a5eb0 td-content-type-default\" >CITA CON EL BOLERO<\/td><td data-label=\"Transmisi\u00f3n\"   class=\"elementor-repeater-item-5c90eb0 td-content-type-default\" >Domingo<\/td><td data-label=\"Inicio\"   class=\"elementor-repeater-item-7648d96 td-content-type-default\" >20:00<\/td><td data-label=\"Fin\"   class=\"elementor-repeater-item-18875c0 td-content-type-default\" >22:30<\/td><\/tr><tr><td data-label=\"Nombre programa\/segmento\"   class=\"elementor-repeater-item-f5281a4 td-content-type-default\" >MUSICALES  (TODO G\u00c9NERO)<\/td><td data-label=\"Transmisi\u00f3n\"   class=\"elementor-repeater-item-0bf5629 td-content-type-default\" >Domingo<\/td><td data-label=\"Inicio\"   class=\"elementor-repeater-item-5df5333 td-content-type-default\" >22:30<\/td><td data-label=\"Fin\"   class=\"elementor-repeater-item-03a2068 td-content-type-default\" >23:59<\/td>\t\t\t\t<\/tr>\n\t\t\t<\/tbody>\n\t\t<\/table>\n\t\t\n\t\t\t\t\t\t<\/div>\n\t\t\t\t<\/div>\n\t\t\t\t<div class=\"elementor-element elementor-element-6f29e8d elementor-widget elementor-widget-spacer\" data-id=\"6f29e8d\" data-element_type=\"widget\" data-e-type=\"widget\" data-widget_type=\"spacer.default\">\n\t\t\t\t\t\t\t<div class=\"elementor-spacer\">\n\t\t\t<div class=\"elementor-spacer-inner\"><\/div>\n\t\t<\/div>\n\t\t\t\t\t\t<\/div>\n\t\t\t\t\t<\/div>\n\t\t\t\t<\/div>\n\t\t\t\t<\/div>\n\t\t","protected":false},"excerpt":{"rendered":"<p>Programaci\u00f3n Nombre programa\/segmento Transmisi\u00f3n Inicio Fin MUSICALES (TODO G\u00c9NERO) Lunes a S\u00e1bado 00:00 05:00 VIVE NATURAL Lunes a S\u00e1bado 05:00 05:30 NOTICIERO DIARIO IMPACTO Lunes a S\u00e1bado 05:30 09:00 PUNTO DEPORTIVO Lunes a Viernes 09:00 10:00 MUSICALES (TODO G\u00c9NERO) Lunes a Viernes 10:00 12:30 FRENTE A FRENTE (BALADAS) Lunes a Viernes 12:30 13:30 VIVA CON [&hellip;]<\/p>\n","protected":false},"author":1,"featured_media":0,"parent":0,"menu_order":0,"comment_status":"closed","ping_status":"closed","template":"","meta":{"footnotes":""},"class_list":["post-56","page","type-page","status-publish","hentry"],"yoast_head":"<!-- This site is optimized with the Yoast SEO plugin v27.3 - https:\/\/yoast.com\/product\/yoast-seo-wordpress\/ -->\n<title>Programaci\u00f3n - Radio Viva 91.1 FM 97.3 FM<\/title>\n<meta name=\"robots\" content=\"index, follow, max-snippet:-1, max-image-preview:large, max-video-preview:-1\" \/>\n<link rel=\"canonical\" href=\"https:\/\/radiovivaec.com\/index.php\/programacion\/\" \/>\n<meta property=\"og:locale\" content=\"es_ES\" \/>\n<meta property=\"og:type\" content=\"article\" \/>\n<meta property=\"og:title\" content=\"Programaci\u00f3n - Radio Viva 91.1 FM 97.3 FM\" \/>\n<meta property=\"og:description\" content=\"Programaci\u00f3n Nombre programa\/segmento Transmisi\u00f3n Inicio Fin MUSICALES (TODO G\u00c9NERO) Lunes a S\u00e1bado 00:00 05:00 VIVE NATURAL Lunes a S\u00e1bado 05:00 05:30 NOTICIERO DIARIO IMPACTO Lunes a S\u00e1bado 05:30 09:00 PUNTO DEPORTIVO Lunes a Viernes 09:00 10:00 MUSICALES (TODO G\u00c9NERO) Lunes a Viernes 10:00 12:30 FRENTE A FRENTE (BALADAS) Lunes a Viernes 12:30 13:30 VIVA CON [&hellip;]\" \/>\n<meta property=\"og:url\" content=\"https:\/\/radiovivaec.com\/index.php\/programacion\/\" \/>\n<meta property=\"og:site_name\" content=\"Radio Viva 91.1 FM 97.3 FM\" \/>\n<meta property=\"article:modified_time\" content=\"2026-03-30T02:10:10+00:00\" \/>\n<meta name=\"twitter:card\" content=\"summary_large_image\" \/>\n<meta name=\"twitter:label1\" content=\"Tiempo de lectura\" \/>\n\t<meta name=\"twitter:data1\" content=\"1 minuto\" \/>\n<script type=\"application\/ld+json\" class=\"yoast-schema-graph\">{\"@context\":\"https:\\\/\\\/schema.org\",\"@graph\":[{\"@type\":\"WebPage\",\"@id\":\"https:\\\/\\\/radiovivaec.com\\\/index.php\\\/programacion\\\/\",\"url\":\"https:\\\/\\\/radiovivaec.com\\\/index.php\\\/programacion\\\/\",\"name\":\"Programaci\u00f3n - Radio Viva 91.1 FM 97.3 FM\",\"isPartOf\":{\"@id\":\"https:\\\/\\\/radiovivaec.com\\\/#website\"},\"datePublished\":\"2026-03-28T22:08:08+00:00\",\"dateModified\":\"2026-03-30T02:10:10+00:00\",\"breadcrumb\":{\"@id\":\"https:\\\/\\\/radiovivaec.com\\\/index.php\\\/programacion\\\/#breadcrumb\"},\"inLanguage\":\"es\",\"potentialAction\":[{\"@type\":\"ReadAction\",\"target\":[\"https:\\\/\\\/radiovivaec.com\\\/index.php\\\/programacion\\\/\"]}]},{\"@type\":\"BreadcrumbList\",\"@id\":\"https:\\\/\\\/radiovivaec.com\\\/index.php\\\/programacion\\\/#breadcrumb\",\"itemListElement\":[{\"@type\":\"ListItem\",\"position\":1,\"name\":\"Portada\",\"item\":\"https:\\\/\\\/radiovivaec.com\\\/\"},{\"@type\":\"ListItem\",\"position\":2,\"name\":\"Programaci\u00f3n\"}]},{\"@type\":\"WebSite\",\"@id\":\"https:\\\/\\\/radiovivaec.com\\\/#website\",\"url\":\"https:\\\/\\\/radiovivaec.com\\\/\",\"name\":\"Radio Viva 91.1 FM 97.3 FM\",\"description\":\"\",\"potentialAction\":[{\"@type\":\"SearchAction\",\"target\":{\"@type\":\"EntryPoint\",\"urlTemplate\":\"https:\\\/\\\/radiovivaec.com\\\/?s={search_term_string}\"},\"query-input\":{\"@type\":\"PropertyValueSpecification\",\"valueRequired\":true,\"valueName\":\"search_term_string\"}}],\"inLanguage\":\"es\"}]}<\/script>\n<!-- \/ Yoast SEO plugin. -->","yoast_head_json":{"title":"Programaci\u00f3n - Radio Viva 91.1 FM 97.3 FM","robots":{"index":"index","follow":"follow","max-snippet":"max-snippet:-1","max-image-preview":"max-image-preview:large","max-video-preview":"max-video-preview:-1"},"canonical":"https:\/\/radiovivaec.com\/index.php\/programacion\/","og_locale":"es_ES","og_type":"article","og_title":"Programaci\u00f3n - Radio Viva 91.1 FM 97.3 FM","og_description":"Programaci\u00f3n Nombre programa\/segmento Transmisi\u00f3n Inicio Fin MUSICALES (TODO G\u00c9NERO) Lunes a S\u00e1bado 00:00 05:00 VIVE NATURAL Lunes a S\u00e1bado 05:00 05:30 NOTICIERO DIARIO IMPACTO Lunes a S\u00e1bado 05:30 09:00 PUNTO DEPORTIVO Lunes a Viernes 09:00 10:00 MUSICALES (TODO G\u00c9NERO) Lunes a Viernes 10:00 12:30 FRENTE A FRENTE (BALADAS) Lunes a Viernes 12:30 13:30 VIVA CON [&hellip;]","og_url":"https:\/\/radiovivaec.com\/index.php\/programacion\/","og_site_name":"Radio Viva 91.1 FM 97.3 FM","article_modified_time":"2026-03-30T02:10:10+00:00","twitter_card":"summary_large_image","twitter_misc":{"Tiempo de lectura":"1 minuto"},"schema":{"@context":"https:\/\/schema.org","@graph":[{"@type":"WebPage","@id":"https:\/\/radiovivaec.com\/index.php\/programacion\/","url":"https:\/\/radiovivaec.com\/index.php\/programacion\/","name":"Programaci\u00f3n - Radio Viva 91.1 FM 97.3 FM","isPartOf":{"@id":"https:\/\/radiovivaec.com\/#website"},"datePublished":"2026-03-28T22:08:08+00:00","dateModified":"2026-03-30T02:10:10+00:00","breadcrumb":{"@id":"https:\/\/radiovivaec.com\/index.php\/programacion\/#breadcrumb"},"inLanguage":"es","potentialAction":[{"@type":"ReadAction","target":["https:\/\/radiovivaec.com\/index.php\/programacion\/"]}]},{"@type":"BreadcrumbList","@id":"https:\/\/radiovivaec.com\/index.php\/programacion\/#breadcrumb","itemListElement":[{"@type":"ListItem","position":1,"name":"Portada","item":"https:\/\/radiovivaec.com\/"},{"@type":"ListItem","position":2,"name":"Programaci\u00f3n"}]},{"@type":"WebSite","@id":"https:\/\/radiovivaec.com\/#website","url":"https:\/\/radiovivaec.com\/","name":"Radio Viva 91.1 FM 97.3 FM","description":"","potentialAction":[{"@type":"SearchAction","target":{"@type":"EntryPoint","urlTemplate":"https:\/\/radiovivaec.com\/?s={search_term_string}"},"query-input":{"@type":"PropertyValueSpecification","valueRequired":true,"valueName":"search_term_string"}}],"inLanguage":"es"}]}},"_links":{"self":[{"href":"https:\/\/radiovivaec.com\/index.php\/wp-json\/wp\/v2\/pages\/56","targetHints":{"allow":["GET"]}}],"collection":[{"href":"https:\/\/radiovivaec.com\/index.php\/wp-json\/wp\/v2\/pages"}],"about":[{"href":"https:\/\/radiovivaec.com\/index.php\/wp-json\/wp\/v2\/types\/page"}],"author":[{"embeddable":true,"href":"https:\/\/radiovivaec.com\/index.php\/wp-json\/wp\/v2\/users\/1"}],"replies":[{"embeddable":true,"href":"https:\/\/radiovivaec.com\/index.php\/wp-json\/wp\/v2\/comments?post=56"}],"version-history":[{"count":35,"href":"https:\/\/radiovivaec.com\/index.php\/wp-json\/wp\/v2\/pages\/56\/revisions"}],"predecessor-version":[{"id":358,"href":"https:\/\/radiovivaec.com\/index.php\/wp-json\/wp\/v2\/pages\/56\/revisions\/358"}],"wp:attachment":[{"href":"https:\/\/radiovivaec.com\/index.php\/wp-json\/wp\/v2\/media?parent=56"}],"curies":[{"name":"wp","href":"https:\/\/api.w.org\/{rel}","templated":true}]}}