{"id":58,"date":"2026-03-28T22:08:27","date_gmt":"2026-03-28T22:08:27","guid":{"rendered":"https:\/\/radiovivaec.com\/?page_id=58"},"modified":"2026-03-29T21:09:16","modified_gmt":"2026-03-30T02:09:16","slug":"cobertura","status":"publish","type":"page","link":"https:\/\/radiovivaec.com\/index.php\/cobertura\/","title":{"rendered":"Cobertura"},"content":{"rendered":"\t\t<div data-elementor-type=\"wp-page\" data-elementor-id=\"58\" class=\"elementor elementor-58\" data-elementor-post-type=\"page\">\n\t\t\t\t<div class=\"elementor-element elementor-element-8fb094c e-flex e-con-boxed e-con e-parent\" data-id=\"8fb094c\" data-element_type=\"container\" data-e-type=\"container\">\n\t\t\t\t\t<div class=\"e-con-inner\">\n\t\t\t\t<div class=\"elementor-element elementor-element-a1fba43 elementor-widget elementor-widget-heading\" data-id=\"a1fba43\" data-element_type=\"widget\" data-e-type=\"widget\" data-widget_type=\"heading.default\">\n\t\t\t\t\t<h2 class=\"elementor-heading-title elementor-size-default\">cobertura<\/h2>\t\t\t\t<\/div>\n\t\t\t\t<div class=\"elementor-element elementor-element-1771545 elementor-widget elementor-widget-Table\" data-id=\"1771545\" data-element_type=\"widget\" data-e-type=\"widget\" data-widget_type=\"Table.default\">\n\t\t\t\t<div class=\"elementor-widget-container\">\n\t\t\t\t\t\t\t<table class=\"tafe-table \">\n\t\t\t<thead  class=\"tafe-table-header\">\n\t\t\t\t<tr>\n\t\t\t\t\t<th class=\"elementor-inline-editing elementor-repeater-item-ac29b19\"   >FRECUENCIA<\/th><th class=\"elementor-inline-editing elementor-repeater-item-fe1dc4c\"   >PROVINCIA<\/th><th class=\"elementor-inline-editing elementor-repeater-item-3986605\"   >CANT\u00d3N<\/th>\t\t\t\t<\/tr>\n\t\t\t<\/thead>\n\t\t\t\t\t\t<tbody class=\"tafe-table-body\">\n\t\t\t\t<tr>\n\t\t\t\t\t<td data-label=\"FRECUENCIA\"   class=\"elementor-repeater-item-c33e51d td-content-type-default\" >91.1 FM (MATRIZ)<\/td><td data-label=\"PROVINCIA\"   class=\"elementor-repeater-item-a0831e3 td-content-type-default\" >LOS RIOS<\/td><td data-label=\"CANT\u00d3N\"   class=\"elementor-repeater-item-cd92c32 td-content-type-default\" >Quevedo, Babahoyo, Valencia, Buena Fe, Mocache, Vinces, Montalvo, Ventanas, Palenque, Baba, Urdaneta, Quinsaloma, Puebloviejo.\n<\/td><\/tr><tr><td data-label=\"FRECUENCIA\"   class=\"elementor-repeater-item-63d3ff7 td-content-type-default\" >91.1 FM (MATRIZ)\n<\/td><td data-label=\"PROVINCIA\"   class=\"elementor-repeater-item-480164e td-content-type-default\" >GUAYAS<\/td><td data-label=\"CANT\u00d3N\"   class=\"elementor-repeater-item-75a1005 td-content-type-default\" >El Empalme, Milagro, Santa Luc\u00eda, Yaguachi, Colimes, Daule, Balzar, Sim\u00f3n Bol\u00edvar, Pedro Carbo, Playas, Salitre, Palestina, Samborond\u00f3n, Nobol, Alfredo Baquerizo Moreno, Naranjal, El Triunfo, Naranjito.\n<\/td><\/tr><tr><td data-label=\"FRECUENCIA\"   class=\"elementor-repeater-item-7af6d2b td-content-type-default\" >91.1 FM (MATRIZ)\n<\/td><td data-label=\"PROVINCIA\"   class=\"elementor-repeater-item-1a8d6a6 td-content-type-default\" >BOLIVAR<\/td><td data-label=\"CANT\u00d3N\"   class=\"elementor-repeater-item-7059cb7 td-content-type-default\" >Caluma, Echeand\u00eda, Las Naves.\n<\/td><\/tr><tr><td data-label=\"FRECUENCIA\"   class=\"elementor-repeater-item-cc8be8b td-content-type-default\" >91.1 FM\n(REPETIDORA)\n\n<\/td><td data-label=\"PROVINCIA\"   class=\"elementor-repeater-item-f0d1c1c td-content-type-default\" >EL ORO<\/td><td data-label=\"CANT\u00d3N\"   class=\"elementor-repeater-item-fca4ef7 td-content-type-default\" >Machala, Arenillas, Atahualpa, Balsas, Chilla, El Guabo, Huaquillas, Marcabel\u00ed, Pasaje, Pi\u00f1as, Portovelo, Santa Rosa, Zaruma, Las Lajas.\n<\/td><\/tr><tr><td data-label=\"FRECUENCIA\"   class=\"elementor-repeater-item-54e9376 td-content-type-default\" >91.1 FM\n(REPETIDORA)\n\n<\/td><td data-label=\"PROVINCIA\"   class=\"elementor-repeater-item-f6b4c13 td-content-type-default\" >LOJA<\/td><td data-label=\"CANT\u00d3N\"   class=\"elementor-repeater-item-6200028 td-content-type-default\" >Calvas, Olmedo, Sozoranga, Catamayo, Esp\u00edndola, Alamor, Zapotillo.\n<\/td><\/tr><tr><td data-label=\"FRECUENCIA\"   class=\"elementor-repeater-item-9bab59f td-content-type-default\" >91.1 FM\n(REPETIDORA)\n\n<\/td><td data-label=\"PROVINCIA\"   class=\"elementor-repeater-item-4072eb2 td-content-type-default\" >AZUAY<\/td><td data-label=\"CANT\u00d3N\"   class=\"elementor-repeater-item-d03ee41 td-content-type-default\" >Ponce Enr\u00edquez, Santa Isabel.\n<\/td><\/tr><tr><td data-label=\"FRECUENCIA\"   class=\"elementor-repeater-item-d96a2ea td-content-type-default\" >97.3 FM (REPETIDORA)\n\n<\/td><td data-label=\"PROVINCIA\"   class=\"elementor-repeater-item-9a1c53b td-content-type-default\" >MANABI<\/td><td data-label=\"CANT\u00d3N\"   class=\"elementor-repeater-item-e7220c4 td-content-type-default\" >Manta, Portoviejo, Bol\u00edvar, Chone, El Carmen, Flavio Alfaro, Rocafuerte,  Jipijapa, Jun\u00edn, Paj\u00e1n, Pichincha, Santa Ana, Bah\u00eda de Car\u00e1quez, Tosagua, 24 de Mayo, Pedernales, Olmedo, Jaramij\u00f3, San Vicente, Montecristi. \n<\/td>\t\t\t\t<\/tr>\n\t\t\t<\/tbody>\n\t\t<\/table>\n\t\t\n\t\t\t\t\t\t<\/div>\n\t\t\t\t<\/div>\n\t\t\t\t\t<\/div>\n\t\t\t\t<\/div>\n\t\t\t\t<\/div>\n\t\t","protected":false},"excerpt":{"rendered":"<p>cobertura FRECUENCIA PROVINCIA CANT\u00d3N 91.1 FM (MATRIZ) LOS RIOS Quevedo, Babahoyo, Valencia, Buena Fe, Mocache, Vinces, Montalvo, Ventanas, Palenque, Baba, Urdaneta, Quinsaloma, Puebloviejo. 91.1 FM (MATRIZ) GUAYAS El Empalme, Milagro, Santa Luc\u00eda, Yaguachi, Colimes, Daule, Balzar, Sim\u00f3n Bol\u00edvar, Pedro Carbo, Playas, Salitre, Palestina, Samborond\u00f3n, Nobol, Alfredo Baquerizo Moreno, Naranjal, El Triunfo, Naranjito. 91.1 FM (MATRIZ) [&hellip;]<\/p>\n","protected":false},"author":1,"featured_media":0,"parent":0,"menu_order":0,"comment_status":"closed","ping_status":"closed","template":"","meta":{"footnotes":""},"class_list":["post-58","page","type-page","status-publish","hentry"],"yoast_head":"<!-- This site is optimized with the Yoast SEO plugin v27.3 - https:\/\/yoast.com\/product\/yoast-seo-wordpress\/ -->\n<title>Cobertura - Radio Viva 91.1 FM 97.3 FM<\/title>\n<meta name=\"robots\" content=\"index, follow, max-snippet:-1, max-image-preview:large, max-video-preview:-1\" \/>\n<link rel=\"canonical\" href=\"https:\/\/radiovivaec.com\/index.php\/cobertura\/\" \/>\n<meta property=\"og:locale\" content=\"es_ES\" \/>\n<meta property=\"og:type\" content=\"article\" \/>\n<meta property=\"og:title\" content=\"Cobertura - Radio Viva 91.1 FM 97.3 FM\" \/>\n<meta property=\"og:description\" content=\"cobertura FRECUENCIA PROVINCIA CANT\u00d3N 91.1 FM (MATRIZ) LOS RIOS Quevedo, Babahoyo, Valencia, Buena Fe, Mocache, Vinces, Montalvo, Ventanas, Palenque, Baba, Urdaneta, Quinsaloma, Puebloviejo. 91.1 FM (MATRIZ) GUAYAS El Empalme, Milagro, Santa Luc\u00eda, Yaguachi, Colimes, Daule, Balzar, Sim\u00f3n Bol\u00edvar, Pedro Carbo, Playas, Salitre, Palestina, Samborond\u00f3n, Nobol, Alfredo Baquerizo Moreno, Naranjal, El Triunfo, Naranjito. 91.1 FM (MATRIZ) [&hellip;]\" \/>\n<meta property=\"og:url\" content=\"https:\/\/radiovivaec.com\/index.php\/cobertura\/\" \/>\n<meta property=\"og:site_name\" content=\"Radio Viva 91.1 FM 97.3 FM\" \/>\n<meta property=\"article:modified_time\" content=\"2026-03-30T02:09:16+00:00\" \/>\n<meta name=\"twitter:card\" content=\"summary_large_image\" \/>\n<meta name=\"twitter:label1\" content=\"Tiempo de lectura\" \/>\n\t<meta name=\"twitter:data1\" content=\"1 minuto\" \/>\n<script type=\"application\/ld+json\" class=\"yoast-schema-graph\">{\"@context\":\"https:\\\/\\\/schema.org\",\"@graph\":[{\"@type\":\"WebPage\",\"@id\":\"https:\\\/\\\/radiovivaec.com\\\/index.php\\\/cobertura\\\/\",\"url\":\"https:\\\/\\\/radiovivaec.com\\\/index.php\\\/cobertura\\\/\",\"name\":\"Cobertura - Radio Viva 91.1 FM 97.3 FM\",\"isPartOf\":{\"@id\":\"https:\\\/\\\/radiovivaec.com\\\/#website\"},\"datePublished\":\"2026-03-28T22:08:27+00:00\",\"dateModified\":\"2026-03-30T02:09:16+00:00\",\"breadcrumb\":{\"@id\":\"https:\\\/\\\/radiovivaec.com\\\/index.php\\\/cobertura\\\/#breadcrumb\"},\"inLanguage\":\"es\",\"potentialAction\":[{\"@type\":\"ReadAction\",\"target\":[\"https:\\\/\\\/radiovivaec.com\\\/index.php\\\/cobertura\\\/\"]}]},{\"@type\":\"BreadcrumbList\",\"@id\":\"https:\\\/\\\/radiovivaec.com\\\/index.php\\\/cobertura\\\/#breadcrumb\",\"itemListElement\":[{\"@type\":\"ListItem\",\"position\":1,\"name\":\"Portada\",\"item\":\"https:\\\/\\\/radiovivaec.com\\\/\"},{\"@type\":\"ListItem\",\"position\":2,\"name\":\"Cobertura\"}]},{\"@type\":\"WebSite\",\"@id\":\"https:\\\/\\\/radiovivaec.com\\\/#website\",\"url\":\"https:\\\/\\\/radiovivaec.com\\\/\",\"name\":\"Radio Viva 91.1 FM 97.3 FM\",\"description\":\"\",\"potentialAction\":[{\"@type\":\"SearchAction\",\"target\":{\"@type\":\"EntryPoint\",\"urlTemplate\":\"https:\\\/\\\/radiovivaec.com\\\/?s={search_term_string}\"},\"query-input\":{\"@type\":\"PropertyValueSpecification\",\"valueRequired\":true,\"valueName\":\"search_term_string\"}}],\"inLanguage\":\"es\"}]}<\/script>\n<!-- \/ Yoast SEO plugin. -->","yoast_head_json":{"title":"Cobertura - Radio Viva 91.1 FM 97.3 FM","robots":{"index":"index","follow":"follow","max-snippet":"max-snippet:-1","max-image-preview":"max-image-preview:large","max-video-preview":"max-video-preview:-1"},"canonical":"https:\/\/radiovivaec.com\/index.php\/cobertura\/","og_locale":"es_ES","og_type":"article","og_title":"Cobertura - Radio Viva 91.1 FM 97.3 FM","og_description":"cobertura FRECUENCIA PROVINCIA CANT\u00d3N 91.1 FM (MATRIZ) LOS RIOS Quevedo, Babahoyo, Valencia, Buena Fe, Mocache, Vinces, Montalvo, Ventanas, Palenque, Baba, Urdaneta, Quinsaloma, Puebloviejo. 91.1 FM (MATRIZ) GUAYAS El Empalme, Milagro, Santa Luc\u00eda, Yaguachi, Colimes, Daule, Balzar, Sim\u00f3n Bol\u00edvar, Pedro Carbo, Playas, Salitre, Palestina, Samborond\u00f3n, Nobol, Alfredo Baquerizo Moreno, Naranjal, El Triunfo, Naranjito. 91.1 FM (MATRIZ) [&hellip;]","og_url":"https:\/\/radiovivaec.com\/index.php\/cobertura\/","og_site_name":"Radio Viva 91.1 FM 97.3 FM","article_modified_time":"2026-03-30T02:09:16+00:00","twitter_card":"summary_large_image","twitter_misc":{"Tiempo de lectura":"1 minuto"},"schema":{"@context":"https:\/\/schema.org","@graph":[{"@type":"WebPage","@id":"https:\/\/radiovivaec.com\/index.php\/cobertura\/","url":"https:\/\/radiovivaec.com\/index.php\/cobertura\/","name":"Cobertura - Radio Viva 91.1 FM 97.3 FM","isPartOf":{"@id":"https:\/\/radiovivaec.com\/#website"},"datePublished":"2026-03-28T22:08:27+00:00","dateModified":"2026-03-30T02:09:16+00:00","breadcrumb":{"@id":"https:\/\/radiovivaec.com\/index.php\/cobertura\/#breadcrumb"},"inLanguage":"es","potentialAction":[{"@type":"ReadAction","target":["https:\/\/radiovivaec.com\/index.php\/cobertura\/"]}]},{"@type":"BreadcrumbList","@id":"https:\/\/radiovivaec.com\/index.php\/cobertura\/#breadcrumb","itemListElement":[{"@type":"ListItem","position":1,"name":"Portada","item":"https:\/\/radiovivaec.com\/"},{"@type":"ListItem","position":2,"name":"Cobertura"}]},{"@type":"WebSite","@id":"https:\/\/radiovivaec.com\/#website","url":"https:\/\/radiovivaec.com\/","name":"Radio Viva 91.1 FM 97.3 FM","description":"","potentialAction":[{"@type":"SearchAction","target":{"@type":"EntryPoint","urlTemplate":"https:\/\/radiovivaec.com\/?s={search_term_string}"},"query-input":{"@type":"PropertyValueSpecification","valueRequired":true,"valueName":"search_term_string"}}],"inLanguage":"es"}]}},"_links":{"self":[{"href":"https:\/\/radiovivaec.com\/index.php\/wp-json\/wp\/v2\/pages\/58","targetHints":{"allow":["GET"]}}],"collection":[{"href":"https:\/\/radiovivaec.com\/index.php\/wp-json\/wp\/v2\/pages"}],"about":[{"href":"https:\/\/radiovivaec.com\/index.php\/wp-json\/wp\/v2\/types\/page"}],"author":[{"embeddable":true,"href":"https:\/\/radiovivaec.com\/index.php\/wp-json\/wp\/v2\/users\/1"}],"replies":[{"embeddable":true,"href":"https:\/\/radiovivaec.com\/index.php\/wp-json\/wp\/v2\/comments?post=58"}],"version-history":[{"count":53,"href":"https:\/\/radiovivaec.com\/index.php\/wp-json\/wp\/v2\/pages\/58\/revisions"}],"predecessor-version":[{"id":593,"href":"https:\/\/radiovivaec.com\/index.php\/wp-json\/wp\/v2\/pages\/58\/revisions\/593"}],"wp:attachment":[{"href":"https:\/\/radiovivaec.com\/index.php\/wp-json\/wp\/v2\/media?parent=58"}],"curies":[{"name":"wp","href":"https:\/\/api.w.org\/{rel}","templated":true}]}}